or of 117375 and 30.
15
Calculate the greatest common divisor of 11439 and 13284.
369
What is the highest common factor of 648645 and 5?
5
Calculate the greatest common factor of 297 and 1.
1
What is the highest common divisor of 11439 and 11253?
93
What is the highest common divisor of 1242 and 1662417?
621
What is the greatest common factor of 1566 and 77220?
54
What is the greatest common divisor of 3078246 and 12?
6
Calculate the greatest common divisor of 550 and 114830.
10
What is the greatest common factor of 155530 and 19467?
103
What is the highest common factor of 1863 and 21600?
27
Calculate the greatest common factor of 9940 and 9625.
35
Calculate the highest common divisor of 640 and 810.
10
What is the greatest common factor of 165303 and 9?
9
Calculate the greatest common factor of 69 and 12061131.
69
Calculate the greatest common factor of 7770 and 1308690.
1110
What is the highest common divisor of 1340811 and 969?
57
Calculate the greatest common divisor of 11 and 710897.
11
What is the greatest common divisor of 85734 and 1914?
66
Calculate the highest common divisor of 29982 and 10431.
57
What is the highest common factor of 77 and 13657?
7
Calculate the greatest common divisor of 106355 and 3560.
445
Calculate the greatest common divisor of 2 and 2391.
1
What is the greatest common factor of 406 and 607558?
14
Calculate the greatest common factor of 6652072 and 112.
56
Calculate the greatest common factor of 194275 and 53675.
475
What is the highest common factor of 6 and 735513?
3
What is the greatest common divisor of 12627 and 8487?
207
Calculate the greatest common factor of 17501 and 10989.
407
What is the highest common divisor of 30318 and 326?
326
Calculate the highest common divisor of 279956 and 358.
358
Calculate the greatest common factor of 36179 and 9568.
299
Calculate the highest common factor of 493 and 22359.
29
What is the greatest common divisor of 140606 and 2456?
614
Calculate the highest common factor of 36 and 220380.
12
Calculate the greatest common divisor of 1106536 and 785.
157
Calculate the greatest common factor of 91 and 10757201.
91
Calculate the highest common factor of 3 and 1009761.
3
What is the greatest common factor of 3252 and 7500?
12
Calculate the highest common factor of 31 and 4281.
1
What is the greatest common factor of 232 and 153932?
116
Calculate the highest common divisor of 2310 and 6041.
7
What is the greatest common divisor of 656 and 1072?
16
What is the highest common divisor of 23086 and 10523?
17
What is the greatest common factor of 6176 and 5152?
32
Calculate the greatest common factor of 1344 and 74424.
168
What is the greatest common factor of 6136 and 598?
26
Calculate the greatest common divisor of 30080 and 11515.
235
What is the greatest common divisor of 154 and 1134?
14
What is the greatest common divisor of 1820 and 6874?
14
What is the highest common divisor of 42 and 600222?
42
Calculate the greatest common divisor of 1613072 and 2353.
181
What is the greatest common factor of 437 and 247?
19
Calculate the highest common divisor of 22356 and 25029.
243
Calculate the greatest common divisor of 2047 and 6049.
23
Calculate the greatest common factor of 34708 and 32.
4
Calculate the highest common factor of 5760 and 930.
30
What is the highest common divisor of 90 and 16935?
15
Calculate the greatest common divisor of 3397 and 5160.
43
Calculate the greatest common divisor of 6565576 and 41.
41
What is the highest common factor of 23749 and 22?
11
Calculate the highest common divisor of 8593 and 14542.
661
Calculate the highest common factor of 15 and 5210.
5
Calculate the greatest common factor of 3966475 and 2175.
725
Calculate the highest common divisor of 35483 and 4403.
259
What is the greatest common factor of 215 and 45535?
5
Calculate the highest common factor of 28 and 112084.
28
Calculate the greatest common factor of 7708976 and 132.
44
What is the highest common factor of 46 and 14542118?
46
Calculate the greatest common factor of 137530 and 170.
170
What is the highest common divisor of 2605397 and 863?
863
Calculate the highest common factor of 32 and 168.
8
Calculate the highest common factor of 18 and 1563696.
18
Calculate the greatest common factor of 1330 and 30828.
14
Calculate the highest common divisor of 1353 and 195693.
123
Calculate the greatest common factor of 1947478 and 52.
26
Calculate the highest common divisor of 54 and 1434159.
27
Calculate the highest common divisor of 2215 and 1205.
5
Calculate the greatest common divisor of 462 and 182.
14
Calculate the greatest common divisor of 1380 and 54372.
276
Calculate the greatest common divisor of 9581 and 1243.
11
What is the greatest common divisor of 8477850 and 150?
150
What is the greatest common factor of 5268 and 228?
12
Calculate the highest common factor of 689 and 8003.
53
Calculate the greatest common factor of 4 and 3158.
2
What is the highest common divisor of 137 and 235777?
137
Calculate the highest common factor of 1776 and 11904.
48
Calculate the greatest common factor of 31644 and 8.
4
Calculate the highest common divisor of 3537 and 15579.
27
What is the greatest common factor of 42 and 55662?
6
Calculate the greatest common divisor of 141726 and 161.
23
What is the highest common divisor of 274 and 248107?
137
What is the highest common divisor of 362 and 93577?
181
What is the highest common factor of 59 and 410581?
59
What is the greatest common divisor of 97 and 911?
1
Calculate the greatest common factor of 160 and 132080.
80
What is the greatest common divisor of 568043 and 133?
133
Calculate the highest common divisor of 3888 and 84078.
486
What is the highest common divisor of 13392 and 25947?
837
Calculate the highest common divisor of 386736 and 120.
24
Calculate the highest common divisor of 3 and 267051.
3
Calculate the highest common factor of 1088 and 22984.
136
What is the greatest common divisor of 221 and 544?
17
What is the highest common factor of 4581 and 135?
9
Calculate the highest common factor of 22 and 75449.
11
Calculate the greatest common factor of 72 and 26487.
9
Calculate the greatest common factor of 382 and 2576590.
382
Calculate the highest common divisor of 155386 and 44.
22
Calculate the greatest common divisor of 714 and 293658.
102
What is the highest common divisor of 600 and 1475400?
600
Calculate the greatest common divisor of 7524 and 4224.
132
What is the highest common divisor of 197050 and 3150?
350
What is the greatest common divisor of 26 and 161486?
26
Calculate the greatest common factor of 395 and 50402.
79
What is the greatest common divisor of 11083903 and 83?
83
What is the highest common divisor of 70 and 7669165?
35
Calculate the greatest common factor of 107901 and 99.
9
Calculate the greatest common divisor of 96 and 1621584.
48
Calculate the greatest common divisor of 2730 and 6643.
91
What is the highest common divisor of 25 and 320525?
25
Calculate the highest common divisor of 98789 and 22523.
223
What is the highest common factor of 718392 and 2664?
888
Calculate the greatest common divisor of 1500 and 675.
75
Calculate the highest common divisor of 31 and 79205.
31
Calculate the greatest common factor of 1460 and 550.
10
What is the greatest common factor of 3110 and 1050?
10
Calculate the greatest common divisor of 56 and 7483.
7
What is the greatest common factor of 29550 and 1950?
150
Calculate the highest common divisor of 66 and 1758.
6
Calculate the greatest common divisor of 685 and 2835.
5
What is the highest common factor of 1378 and 6254?
106
What is the greatest common divisor of 1054 and 1982574?
1054
Calculate the greatest common divisor of 825 and 7755.
165
What is the greatest common factor of 34867 and 5950?
119
What is the greatest common divisor of 31174 and 26?
26
What is the greatest common factor of 86815 and 79655?
895
What is the greatest common divisor of 9 and 407703?
3
Calculate the highest common factor of 2739 and 8283.
33
What is the greatest common factor of 6929 and 4551?
41
What is the greatest common divisor of 412 and 116802?
206
What is the greatest common factor of 248551 and 597?
199
What is the highest common divisor of 3657 and 2553?
69
What is the highest comm